 - 23.
-19
What is the value of -13 + (8 - (2 + -7))?
0
2 - (14 + 1 - 17)
4
What is the value of 2 + 4 - ((-13 - (8 + -14)) + 12)?
1
Evaluate 1 + ((-11 - (-3 - -6)) + 5 - -3).
-5
Evaluate 6 + (-30 + -2 - -8 - -6) - 16.
-28
Evaluate 14 + -6 + -17 + 22.
13
What is the value of (55 - 46) + (-2 - (4 + -9))?
12
Evaluate 40 + (-5 - 35) + 8 + 0.
8
Evaluate 20 + (-13 - -9 - 6) + -3 + 1.
8
What is 63 + -61 - (25 + 8)?
-31
Calculate (-40 - -3) + 11 + 34.
8
Calculate -10 - (-15 - (-37 + 12)).
-20
What is the value of -17 + 18 + 9 + 10?
20
What is the value of -2 + (-7 - (11 + -8))?
-12
What is the value of 16 + -13 + 1 + -14?
-10
Calculate 3 + -4 + 22 + -26.
-5
Calculate 21 - (-9 + 23) - -9.
16
(-2 + -8 - (5 + -10)) + -12
-17
What is the value of -1 - 8 - ((20 - 29) + -12)?
12
What is (-23 - 1) + -339 + 362?
-1
(566 - 561) + -2 + 20
23
(59 - 17) + -6 + (12 - 10)
38
What is -10 + (7 - 21) - -13?
-11
Calculate -11 + 3 + -1 + -857 + 890.
24
Calculate -9 - (5 + 9 - 28) - -5.
10
What is the value of -28 + 1 + -10 + 21?
-16
What is 15 + 2 + 28 + -36 + 2 + 1?
12
Evaluate -6 + (24 - (26 - 14)) + -5.
1
What is (3 - -4) + (0 - (-2 - (-4 - -6)))?
11
What is the value of 0 + -23 - (33 + -46)?
-10
Evaluate -28 - (13 + -23 + -10 + 12).
-20
What is the value of 4 - (-3 - (-1 + -5 - (5 - 5)))?
1
14 + -2 + (-118 - -121)
15
Evaluate -4 - (11 + -12 + 1 + 0 - 20).
16
Evaluate 10 - (18 - 21) - 18.
-5
What is 2 - (-10 + (-1 - (-1 + -8))) - -30?
34
What is 14 + -2 - (54 + -36)?
-6
Evaluate 14 - (10 - (9 - (9 + -4))).
8
What is the value of (16 - (-4 - 1)) + 6 + -6 + -5?
16
Evaluate (-9 + 12 - (7 - 1)) + -8.
-11
-2 - 2 - ((-10 - -2) + 2 + 1)
1
Calculate (21 - 1 - -1) + (11 - 24) + 6.
14
Calculate (21 - (1 - -7)) + -6 - 2.
5
Evaluate 38 - 35 - ((2 - -1) + -2) - 13.
-11
Calculate -6 + (-603 - -620 - ((-1 - 0) + -6)).
18
Calculate 1 - 4 - (13 - 15 - -13) - -5.
-9
-4 + -5 + (13 - (-22 - 5))
31
9 + (-4 - (8 + -3)) - (-3 - 0)
3
What is (11 - (23 - 41)) + -55?
-26
-19 - (-4 + 6 + -13) - -26
18
Calculate -33 - -20 - (2 + 9).
-24
What is (-98 - -102) + (-2 - (-15 - (-2 + -1)))?
14
What is the value of 13 + (-15 - 0 - (-56 + 48))?
6
Calculate 0 + 6 - (3 + 13 + -19).
9
132 + -137 + (-2 - 17) + 2 - -1
-21
What is (333 - 362) + (-2 - 0 - -2)?
-29
Evaluate -18 - (22 + -66) - 21.
5
(9 - 2) + (-89 - -82) - (0 + 4)
-4
What is 7 + (-1 - -7) + -15 + 0 + 6?
4
What is (-14 - 0) + 21 + (1 - 15)?
-7
Evaluate -62 - (-7 - (-30 + 54)).
-31
What is (1 + 8 - 4) + -5 + -4?
-4
What is the value of -3 + (0 - -4 - 2 - 6 - -19)?
12
What is (-1 - -3) + 0 + (-15 - 9) + 39?
17
Evaluate -7 + (3 - (8 - 3 - 1)).
-8
(-6 + -7 - -6) + (3 - (4 + 4))
-12
What is -45 - ((-26 - -31) + -32)?
-18
What is the value of 536 + -539 - (0 - 1)?
-2
What is the value of -27 - (4 + -7) - (-19 + 9 - -7)?
-21
Calculate 0 - ((18 - (18 - 9)) + -12).
3
-1 + -10 - ((29 - 6) + -42)
8
What is 4 + -12 + -11 + 16?
-3
Calculate 16 + 75 + -125 - (-14 + -1).
-19
Calculate (1 + 8 + -5 - (29 - 18)) + 26.
19
Evaluate -40 + 72 + -41 - 17.
-26
What is 27 - 25 - (4 - (5 + 3))?
6
Calculate -10 + (-6 - 7) + 14.
-9
What is 2 + (8 + -4 - 10) + 9 + 5?
10
((3 - -1) + -10 - 1) + 11 - -13
17
What is the value of (2 + 20 - (3 + 3)) + 2?
18
Evaluate 7 + 20 + 4 + (-3 - -1 - 7).
22
What is the value of (-114 - -117) + (-8 - -1) - (-11 - 15)?
22
Calculate (-10 - -2) + 11 - (23 - (0 - -5)).
-15
3 + (-1 + (1 - 0) - (-191 + 188))
6
Evaluate (11 - 2) + 5 - (-3 - -8).
9
37 + (-12 - (-9 + 12 + -15) - 9)
28
What is the value of 14 + (-17 + 13 - 4) + 15?
21
Calculate -10 - -18 - ((-11 - -8) + 16).
-5
Calculate -2 + (-10 - (6 - 22) - (0 + -1)).
5
What is 11 + (-3 - 3 - -2) + -24?
-17
What is the value of 83 + -69 - (2 - 0) - 8?
4
0 - (-5 - 0) - (-7 - 7 - -12)
7
What is the value of (-32 - -27) + (-4 - -11) - 1?
1
Calculate -15 + -13 - (-13 - 0 - -4).
-19
Evaluate 4 + 17 - 12 - 3 - (3 + -1).
4
What is -17 + (-29 - -46) + -1?
-1
Evaluate 13 + 30 - (14 + 11).
18
Evaluate -21 - (8 + -20) - (-5 - -2).
-6
Evaluate 13 + 1 - (-23 + (13 - -10)).
14
-1 + 0 + -1 + 10
8
What is 8 - ((39 - 29) + 0 + (-4 - 2))?
4
(-2 + -11 - -2) + 124 + -141
-28
What is the value of (-24 - -18) + (-6 + 3 - (0 - 3))?
-6
Evaluate 18 - 18 - 22 - -12.
-10
Calculate -1 + 1 + 1 - (-15 + (3 - -15)).
-2
Calculate 5 + (-210 - -214) + 5 + 1.
15
What is the value of (-4 - (-2 + -4)) + (5 - 6)?
1
Evaluate 34 + -43 + (-2 - (-5 - 2)) + -2.
-6
Evaluate -5 + 4 + 8 - (-28 - -61).
-26
(1 - (-3 + -1)) + -10 + -5
-10
What is (0 - 5) + 2 + 7 + 2 + 3?
9
What is the value of 25 + -21 - (1 + 0) - (-24 + 11)?
16
Evaluate 17 - (-9 - (-14 + -12)).
0
What is (0 - -1) + (44 - 40) + (-1 - 14)?
-10
3 + 2 - (-25 + 25 + 4 + -2)
3
(8 - 4) + 32 + -58
-22
Calculate (-1 + -1 - 12) + 8 + 11.
5
((9 - 23) + 21 - 45) + 3
-35
Calculate -43 - (-2 - 45) - 35.
-31
(12 + -10 - 12) + 4 + 1
-5
What is the value of -2 + 4 + -1 + (19 + -8 - 11)?
1
-6 + 12 + -22 + 11 - (-1 - 16)
12
Evaluate -21 - ((0 - 0) + -132 + 122).
-11
What is 18 + (-14 - (-5 + -4)) - 5?
8
(2 - 1) + (-11 - -7) + 4
1
What is the value of (-26 - -13 - 8) + 10?
-11
13 - 31 - -21 - (-2 - (0 + 0))
5
What is 2 + -8 + 19 + -26?
-13
(9 - (8 - 3)) + -8
-4
Calculate (-4 - (5 - 10)) + -13 - (-3 - 2).
-7
What is (-4 - 15) + -17 + 35?
-1
Calculate (-1 - -7) + -8 - -2 - 5.
-5
What is the value of 8 + -4 + -21 - 8?
-25
Calculate -10 + 13 + 24 + -23.
4
Evaluate (-22 - (1 + 32)) + 33.
-22
Evaluate (-410 - -399) + (18 - (0 - -1)).
6
What is the value of -14 + (17 - (5 - -7)) - 15?
-24
Evaluate (-4 - -2) + (13 - -4) + 8.
23
Calculate -1 + -4 + 13 - (-4 + 2 - -2).
8
Evaluate 1 + 32 + (641 - 659) - 15.
0
9 - 7 - 10 - 2
-10
(-4 + 28 - 17) + -1 + 0
6
Calculate (1 - (-19 + 24)) + 2 + (-25 - 1).
-28
Calculate 7 + (29 + -19 - (2 + -1)) + -4.
12
What is the value of (19 - 42) + 0 - -10?
-13
Evaluate -28 - (-17 - (-4 - 0)).
-15
Calculate 11 + -7 + (-18 - -9 - 0).
-5
What is the value of 6 - ((-9 - (-5 + -10 + 4)) + 0)?
4
What is the value of -33 - (-63 + 31) - (-1 - -1)?
-1
What is the value of 3 - 3 - (109 + -123)?
14
What is the value of 2 - (-1 - -10 - (0 + 20 - 10))?
3
What is the value of 14 + (-12 - (7 - 8 - 3) - 0)?
6
What is -67 + 71 - (-15 - -8)?
11
What is the value of -1 - 20 - ((-27 - 21) + 56)?
-29
Calculate 33 + -25 + -4 + 5.
9
What is the value of -25 + 24 + -4 - (-8 - 1)?
4
Evaluate (9 - -3) + (-19 - -5) + 7 - 16.
-11
What is the value of (-1 - 6) + (-28 - -28) + 14 + -15?
-8
What is 9 + -1 - (4 + -4 + 3)?
5
Calculate -28 - (-18 + (13 - 13)).
-10
Calculate 0 + -6 + 8 + 4 + 5.
11
Evaluate 22 + -25 + (-5 - -6).
-2
Calculate 6 - 13 - -2 - (-37 - -17).
15
What is the value of (5 - 15) + 4 + -8 + 4?
-10
Evaluate -2 + 0 + -4 - (25 - 31).
0
What is the value of -1 + (-4 + -3 + 11 - 1)?
2
Calculate -6 - (11 + (2 + (8 - 7) - 3)).
-17
What is the value of (-13 + 2 - (8 + -2)) + 13?
-4
Calculate 7 + -13 + 3 - (9 - 23).
11
Calculate -56 - (-18 + (38 - 66)).
-10
-5 - (2 + -2) - (1306 - 1307)
-4
Evaluate 14 + (3 - 3 - 7 - (17 - 24)).
14
Calculate -8 + (-12 - -15) + 10.
5
Calculate (-34 - -24) + -4 + 2 + -2.
-14
Evaluate 2 + (17 - 4) - (-5 + 8).
12
What is -11 - (-17 + 25 - 9)?
-10
What is the value of 8 + -4 + (-12 - -1 - -2 - -2)?
-3
Calculate 2 - (0 - 4 - -13).
-7
4 - 2 - -6 - (-66 + 88)
-14
Evaluate 40 + -15 + -10 - -7 - 12.
10
Calculate 0 + -3 + (-10 - (-23 - -2)) + -2.
6
What is the value of 13 + -1 + -19 - -16?
9
9 + -14 + 0 - -9
4
Calculate (-10 - 1) + 4 - (5 - (22 - -1)).
11
What is the value of 8 + 1 - (-20 - -36)?
-7
What is (9 - (-2 + 10)) + -6?
-5
Calculate 28 - 22 - (15 + (-1 - -1 - -1)).
-10
What is 5 - (12 - -4) - (-5 - -2 - -1)?
-9
Evaluate 25 + -26 + -21 + (-3 + 3 - 1).
-23
-8 + (10 - 7) - (10 - 7) - -23
15
Calculate (-10 - -25) + 6 + -27.
-6
38 - (8 + 16 + (-1 - 12))
27
Evaluate -6 + (6 - 1) + 16 + -7 + 12.
20
What is the value of 7 + -1 - (21 + 8 + -12 + -8)?
-3
Evaluate -6 - 0 - (-16 - 3 - -6 - -15).
-8
What is the value of (-2 + 0 - -9) + 2 + -13?
-4
(4 + 9 - -4) + -23
-6
Calculate 0 + 8 - -2 - (-6 - 1).
17
What is (15 - 16) + (-2 - 23)?
-26
-1 + 6 + 20 - (-3 + (4 - -6))
18
Calculate -3 - ((-3 - -3) + -3 - (-12 + 13)).
1
What is (4 - (-6 + (-3 - -30))) + (-44 - -50)?
-11
-11 - (2 - (24 + (-7 - 3)))
1
What is the value of 59 + -99 + 57 + -2 + -39?
-24
(12 - (-16 + 25)) + -3 + -28
-28